{"id":1716,"date":"2023-05-21T11:08:58","date_gmt":"2023-05-21T09:08:58","guid":{"rendered":"https:\/\/tickets.studentenphilharmonie.de\/?post_type=product&#038;p=1716"},"modified":"2023-10-29T04:26:41","modified_gmt":"2023-10-29T03:26:41","slug":"konzert-2023-tuebingen","status":"publish","type":"product","link":"https:\/\/tickets.studentenphilharmonie.de\/index.php\/produkt\/konzert-2023-tuebingen\/","title":{"rendered":"Konzert 2023 T\u00fcbingen"},"content":{"rendered":"<div class=\"is-layout-flow wp-block-group\">\n<div class=\"wp-block-group__inner-container\">\n<h1>Programm<\/h1>\n<ul>\n<li>Gustav Mahler: 1. Sinfonie<\/li>\n<li>Giannis Konstantinidis: Dodekanesische Suite f\u00fcr Solo Violine und Orchester<\/li>\n<li>Boyatzis Ioannis: \u201eThe Hidden Path\u201c for orchestra, Urauff\u00fchrung<\/li>\n<\/ul>\n<h2>Hintergrundinformationen zum Programm<\/h2>\n<\/div>\n<\/div>\n<ul>\n<li>Gustav Mahler: 1. Sinfonie<\/li>\n<\/ul>\n<blockquote class=\"wp-block-quote\"><p>Die\u00a0<strong>1. Sinfonie in D-Dur<\/strong>\u00a0[erhielt] von\u00a0Gustav Mahler [\u2026] zeitweilig den Beinamen\u00a0<em>Titan<\/em> [\u2026].<\/p>\n<p>Die Sinfonie entstand in der Zeit von Januar bis M\u00e4rz 1888 in\u00a0<a href=\"https:\/\/de.m.wikipedia.org\/wiki\/Leipzig\" target=\"_blank\" rel=\"noopener\">Leipzig<\/a>. Die Vorarbeiten reichen jedoch bis in das Jahr 1884 zur\u00fcck. Mahler hat die Anregung zu der Sinfonie seinem ersten Liederzyklus, den\u00a0<em><a href=\"https:\/\/de.m.wikipedia.org\/wiki\/Lieder_eines_fahrenden_Gesellen\" target=\"_blank\" rel=\"noopener\">Liedern eines fahrenden Gesellen<\/a><\/em>\u00a0von 1885, entnommen.<\/p>\n<p>Mahler war sich zun\u00e4chst unschl\u00fcssig, ob er das Werk als\u00a0<a href=\"https:\/\/de.m.wikipedia.org\/wiki\/Sinfonische_Dichtung\" target=\"_blank\" rel=\"noopener\">sinfonische Dichtung<\/a>\u00a0oder als\u00a0<a href=\"https:\/\/de.m.wikipedia.org\/wiki\/Sinfonie\" target=\"_blank\" rel=\"noopener\">Sinfonie<\/a>\u00a0konzipieren sollte. Die urspr\u00fcnglich vorgesehene Gro\u00dfgliederung der S\u00e4tze in zwei Teile fiel im Lauf der Zeit ebenso weg wie ein urspr\u00fcnglich an zweiter Stelle stehender zus\u00e4tzlicher Satz. Dieser wird unter der Bezeichnung\u00a0<em>Blumine<\/em>\u00a0gelegentlich noch aufgef\u00fchrt.<sup><a href=\"https:\/\/de.m.wikipedia.org\/wiki\/1._Sinfonie_(Mahler)#cite_note-1\" target=\"_blank\" rel=\"noopener\">[1]<\/a><\/sup>\u00a0Bei den ersten Auff\u00fchrungen versuchte Mahler auch, dem Publikum den Zugang zu dem Werk durch Werk- und Satztitel zu erleichtern. Der zeitweise beigegebene Titel\u00a0<em>Titan<\/em>\u00a0bezieht sich auf den\u00a0<a href=\"https:\/\/de.m.wikipedia.org\/wiki\/Titan_(Jean_Paul)\" target=\"_blank\" rel=\"noopener\">gleichnamigen Roman<\/a>\u00a0<a href=\"https:\/\/de.m.wikipedia.org\/wiki\/Jean_Paul\" target=\"_blank\" rel=\"noopener\">Jean Pauls<\/a>. Mahler zog diesen programmatischen Namen jedoch sp\u00e4ter zur\u00fcck. Der Trauermarsch trug kurzfristig den Beinamen\u00a0<em>Ein Totenmarsch in\u00a0<a href=\"https:\/\/de.m.wikipedia.org\/wiki\/Jacques_Callot\" target=\"_blank\" rel=\"noopener\">Callots<\/a>\u00a0Manier<\/em>, was eine Anspielung auf\u00a0<a href=\"https:\/\/de.m.wikipedia.org\/wiki\/E._T._A._Hoffmann\" target=\"_blank\" rel=\"noopener\">E. T. A. Hoffmanns<\/a>\u00a0<em>Fantasiest\u00fccke in Callots Manier<\/em>\u00a0darstellte. Allerdings kannte Mahler dieses Werk zur Entstehungszeit der Sinfonie noch gar nicht, so dass der ebenfalls zur\u00fcckgezogene Titel wohl auf den Vorschlag seines Freundes\u00a0<a href=\"https:\/\/de.m.wikipedia.org\/wiki\/Ferdinand_Pfohl\" target=\"_blank\" rel=\"noopener\">Ferdinand Pfohl<\/a>\u00a0zur\u00fcckgeht.<\/p>\n<p>1889 f\u00fchrte Mahler das Werk in\u00a0<a href=\"https:\/\/de.m.wikipedia.org\/wiki\/Budapest\" target=\"_blank\" rel=\"noopener\">Budapest<\/a>\u00a0als Sinfonische Dichtung in zwei Teilen auf. Zur Hamburger Auff\u00fchrung 1893 verfasste Mahler sogar ein vollst\u00e4ndig ausgearbeitetes\u00a0<a href=\"https:\/\/de.m.wikipedia.org\/wiki\/Programmmusik\" target=\"_blank\" rel=\"noopener\">Programm<\/a><sup><a href=\"https:\/\/de.m.wikipedia.org\/wiki\/1._Sinfonie_(Mahler)#cite_note-2\" target=\"_blank\" rel=\"noopener\">[2]<\/a><\/sup>, auf dessen Beigabe er sp\u00e4ter verzichtete, \u201eweil ich es erlebt habe, auf welch falsche Wege hiedurch das Publikum geriet\u201c.<sup><a href=\"https:\/\/de.m.wikipedia.org\/wiki\/1._Sinfonie_(Mahler)#cite_note-3\" target=\"_blank\" rel=\"noopener\">[3]<\/a><\/sup>\u00a0Erst mit der Drucklegung im Jahr 1899 erhielt die Sinfonie ihre bis heute bekannte viers\u00e4tzige Form.<\/p>\n<p><cite>Quelle: <a href=\"https:\/\/de.m.wikipedia.org\/wiki\/1._Sinfonie_(Mahler)\" target=\"_blank\" rel=\"noreferrer noopener\">Wikipedia, 1. Sinfonie (Mahler)<\/a><\/cite><\/p><\/blockquote>\n<ul>\n<li class=\"wp-block-quote\">Giannis Konstantinidis: Dodekanesische Suite f\u00fcr Solo Violine und Orchester<\/li>\n<\/ul>\n<blockquote><p><strong>Yiannis Konstantinides<\/strong> ist in Izmir geboren. Er hat Klavier und Musiktheorie an der Universit\u00e4t der K\u00fcnste Berlin studiert. Sein umfangreiches Liedschaffen hat einen echten griechischen Charakter, da er von der griechischen Volksmusik inspiriert wurde. Es ist charakteristisch, dass er unter dem Pseudonym Kostas Giannidis sogenannte leichte Musik (Unterhaltungsmusik) schuf. Er hat eine Vielzahl von Werken mit Bezug auf die Rhythmen und Melodien der Dodekanes-Inseln komponiert, darunter zwei dodekanesische Suiten f\u00fcr Orchester. Die <strong><em>Dodekanesische Suite Nr. 1<\/em><\/strong> wurde im Jahr 1948 geschrieben. Die Suite ist dem Schweizer Musikwissenschaftler Samuel Baud-Bovy gewidmet, da ihre Themen den beiden B\u00e4nden seiner Sammlung \u201eChansons du Dod\u00e9can\u00e8se\u201c (Lieder aus der Dodekanes) entnommen sind. Es handelt sich um eine wunderbare Studie der T\u00e4nze und Lieder dieser Inseln.<\/p>\n<p><cite>Quelle: <a href=\"https:\/\/www.tsso.gr\/default.aspx?lang=en-GB&amp;page=6&amp;eventid=159907\" target=\"_blank\" rel=\"noreferrer noopener nofollow\">Thessaloniki State Symphony Orchestra, TSSO in Munich \u2013 Memorial concert for the Holocaust of Thessalonician Jew<\/a><\/cite><\/p><\/blockquote>\n<ul>\n<li>Boyatzis Ioannis: &#8222;The Hidden Path&#8220; for orchestra, Urauff\u00fchrung<\/li>\n<\/ul>\n","protected":false},"excerpt":{"rendered":"<ul>\n<li>Gustav Maher: 1. Sinfonie<\/li>\n<li>Giannis Konstantinidis: Dodekanesische Suite f\u00fcr Solo Violine und Orchester<\/li>\n<li>Boyatzis Ioannis: \u201eThe Hidden Path\u201c for orchestra, Urauff\u00fchrung<\/li>\n<\/ul>\n<p> <a class=\"more-link\" href=\"https:\/\/tickets.studentenphilharmonie.de\/index.php\/produkt\/konzert-2023-tuebingen\/\">Weiterlesen<\/a><\/p>","protected":false},"featured_media":572,"template":"","meta":{"_acf_changed":false},"product_brand":[],"product_cat":[29],"product_tag":[32,31,30],"class_list":{"0":"post-1716","1":"product","2":"type-product","3":"status-publish","4":"has-post-thumbnail","6":"product_cat-concerts","7":"product_tag-giannis-konstantinidis-dodekanische-suite-fuer-solo-violine-und-orchester","8":"product_tag-gustav-maher-1-sinfonie","9":"product_tag-studentenphilharmonie-tuebingen","11":"first","12":"outofstock","13":"shipping-taxable","14":"purchasable","15":"product-type-variable"},"acf":[],"_links":{"self":[{"href":"https:\/\/tickets.studentenphilharmonie.de\/index.php\/wp-json\/wp\/v2\/product\/1716","targetHints":{"allow":["GET"]}}],"collection":[{"href":"https:\/\/tickets.studentenphilharmonie.de\/index.php\/wp-json\/wp\/v2\/product"}],"about":[{"href":"https:\/\/tickets.studentenphilharmonie.de\/index.php\/wp-json\/wp\/v2\/types\/product"}],"wp:featuredmedia":[{"embeddable":true,"href":"https:\/\/tickets.studentenphilharmonie.de\/index.php\/wp-json\/wp\/v2\/media\/572"}],"wp:attachment":[{"href":"https:\/\/tickets.studentenphilharmonie.de\/index.php\/wp-json\/wp\/v2\/media?parent=1716"}],"wp:term":[{"taxonomy":"product_brand","embeddable":true,"href":"https:\/\/tickets.studentenphilharmonie.de\/index.php\/wp-json\/wp\/v2\/product_brand?post=1716"},{"taxonomy":"product_cat","embeddable":true,"href":"https:\/\/tickets.studentenphilharmonie.de\/index.php\/wp-json\/wp\/v2\/product_cat?post=1716"},{"taxonomy":"product_tag","embeddable":true,"href":"https:\/\/tickets.studentenphilharmonie.de\/index.php\/wp-json\/wp\/v2\/product_tag?post=1716"}],"curies":[{"name":"wp","href":"https:\/\/api.w.org\/{rel}","templated":true}]}}